 826, -3*y - 850 = 7*x - 8*x. What is the tens digit of x?
3
Let c(l) = l**2 - 18*l - 145. Let r be c(33). Let b = r + -212. What is the tens digit of b?
3
Let x(q) = -q**2 + 9*q + 2. Let p = -32 - -38. Let w be x(p). What is the tens digit of (-40)/(-14)*70/w?
1
Let h(s) = -368*s + 85. Let l be h(2). Let u = -449 - l. What is the units digit of u?
2
Let r be (-2)/4*(-18)/(-2 + 5). Suppose 3*w = w - 4*b + 826, r*w + 5*b = 1234. What is the hundreds digit of w?
4
Let j(i) = 2766*i - 511. What is the units digit of j(2)?
1
Let i = 4 + -3. Let o be -65 + i - (-2 + 2). What is the units digit of 1 - o - 0/(-19)?
5
Suppose -2*x = -6, 0 = s + 2*x - 2022 - 4578. What is the thousands digit of s?
6
Let j(m) be the second derivative of m**3/6 - 195*m**2/2 - 9*m. Let d be j(0). What is the tens digit of (12/(-9) + -1)*d/5?
9
Let w(s) = -2*s - 5. Let l be w(-15). Suppose 8*x - 3*x = 2*y - 5, -5*y = -l. What is the units digit of (-3584)/(-40) + x/5*-3?
9
Suppose -1381 - 1571 = -391*i - 101*i. Let v = 15 - 21. What is the units digit of (i/1 + 0)*(-16)/v?
6
Let b(t) = t**2 + 1. Let s be b(2). Let j(v) = -v**3 + 29*v**2 - 36*v - 61. Let x be j(27). Suppose -s*m = -x + 60. What is the tens digit of m?
7
Suppose -2*c + 3*c - 2693 = 3*z, -2*c + 3594 = -4*z. Let m = z - -1363. What is the tens digit of m?
6
Let s(l) be the first derivative of l**4/4 - 8*l**3/3 - l - 24. Let r be s(8). What is the hundreds digit of r/(-3) - 790/(-6)?
1
Let j(v) = -2*v**3 + 3*v**2 + 4*v + v**3 + 8 - 6 + 1. Let a be j(-5). Suppose 2*h + a = 5*h. What is the units digit of h?
1
What is the thousands digit of ((-1460)/40)/((-16)/1440)?
3
Suppose 3*x - 5*j + 0 = -1, 2*x + j = 21. Let u be (-148)/x*16/(-4). What is the tens digit of (u/(-6) - -1)*(-22 - -7)?
7
Let y(f) = 4*f**3 - 3*f**2 - 1. Let z be y(5). Let g = z - 283. What is the hundreds digit of g?
1
Let m(t) = 49*t - 3. Let y be m(1). Suppose y - 51 = -q. Suppose q*f - 91 - 131 = 2*c, 3*f - 4*c = 122. What is the tens digit of f?
4
Suppose 16*o = 250 + 102. Suppose -2 = -p, -h + o = -2*p - p. Suppose -5*j = -2*k + h - 185, -5*j = 3*k - 177. What is the tens digit of j?
3
Let d(s) = 5*s**2 + 3*s - 42. Suppose 4*q - 20 = -4*l, 5*q + 3 = 6*q + 2*l. What is the tens digit of d(q)?
2
Let s be (31 - 35)*26/(-8). Suppose 4*m + 181 = -63. Let d = s - m. What is the units digit of d?
4
Suppose -i + 13 = -u + 2*u, 4*u + 5*i = 55. Let o be 3/1*(-3)/(-9)*u. What is the tens digit of 4/o + 5382/45?
2
Suppose -257*z + 1047 = -254*z. Let a = z + -223. What is the units digit of a?
6
Suppose 94 = -3*h - a + 34, -3*a + 80 = -4*h. Let r = -17 - h. Suppose r*v - 147 = -4*v. What is the tens digit of v?
2
Suppose 3*o + 20*o + 26*o - 623525 = 0. What is the ten thousands digit of o?
1
Suppose -2*u = 16*v - 20*v + 20946, 4*u = 4*v - 20948. What is the tens digit of v?
3
Let r = -17086 + 45128. What is the thousands digit of r?
8
Suppose 10*f - 3*o = 7*f + 34710, -f + 5*o = -11566. What is the hundreds digit of f?
5
Let u(y) = 43*y**2 - 9*y - 58. Let z be u(-7). Suppose -108*a + 104*a = -z. What is the units digit of a?
8
Suppose 4*l - 10 = -10. Suppose 4*b + 4 = l, -b - 673 = -5*w - 3*b. What is the hundreds digit of w?
1
Suppose -11*p + 22*p + 132 = 0. Let x(d) = -8*d + 71. What is the units digit of x(p)?
7
Let f = -368 - -953. Suppose -7*m = 6*m - f. What is the units digit of m?
5
Let i = -80 - -77. Let x be ((-198)/4)/((-2)/(-4)). What is the tens digit of 2 - x - (i + 5)?
9
Suppose -3*g - 93 + 102 = 0. Suppose 3*u - 5*u + 390 = -2*t, t = g*u - 593. What is the hundreds digit of u?
1
Let l(v) = 242*v + 317. What is the hundreds digit of l(104)?
4
Let s(g) = -8*g - 6*g - 22*g - 24*g - 36. Let l be s(-6). Suppose q - 108 = 5*y, -3*q + l = 3*y + 2*y. What is the units digit of q?
8
Let z(v) = 18*v**2 - 32*v + 2. Let i be z(10). Suppose -4*k = -2*s - i, 3*k - 1875 = -2*k - 2*s. What is the tens digit of k?
7
Let w = -179 - -181. Suppose -w*u = 5*n - u - 4276, 2*n - 1732 = 5*u. What is the tens digit of n?
5
Let d(g) be the second derivative of 5*g**3/6 + 11*g**2 + 11*g. Let c(t) = -16*t - 66. Let o(w) = 3*c(w) + 8*d(w). What is the tens digit of o(-20)?
3
Suppose 3*w - v + 105 = 0, 0 = -3*w - 3*v + 7*v - 105. Let n be (-33)/(-7) - 10/w. Suppose 4*u + n = 5*u. What is the units digit of u?
5
Suppose -6*c = 43 - 73. Suppose -1630 = -5*v - c*o, 0*v = -v - 3*o + 324. What is the units digit of v?
7
Let m(q) = -315 + 96 - 234*q - 226*q + 105 + 103. What is the tens digit of m(-1)?
4
Let u(v) = 2*v**2 + 38*v - 352. What is the hundreds digit of u(24)?
7
Suppose -2*t + 7 + 305 = 0. Let n(d) = -d**3 + 4*d**2 + 25*d + 16. Let g be n(-3). Suppose t = g*m - m. What is the tens digit of m?
5
Let z(h) = -520*h + 1454. What is the tens digit of z(-10)?
5
Let b(n) = -7*n + 76. Suppose 109 = -u + 106. What is the tens digit of b(u)?
9
Suppose -26*f + 11453 = -52602 - 171297. What is the thousands digit of f?
9
Let m(z) = -17*z + 5*z - 54*z - 13 - 38*z. What is the hundreds digit of m(-3)?
2
Let j = -76930 + 116502. What is the tens digit of j?
7
Let m(g) = -200*g - 20. Let p be m(-8). Suppose 3*n - 4*j - p = -n, -5*j = 2*n - 776. What is the units digit of n?
3
Let i be (18/12 + -2)*54. Let z(v) = v**2 + 23*v - 15. What is the units digit of z(i)?
3
Let l be 7 - (0 + 2) - 2. Let g(k) = 2*k**3 - 4 + 10*k - 11*k + 2 + 6 + 2*k**2. What is the tens digit of g(l)?
7
Let n(w) = 27*w**3 - 3*w**2 + 3*w - 4. Suppose -2*j = -5*b + 11, 1 = -4*b + 13. What is the units digit of n(j)?
6
Let q(p) = 561*p**2 + 31*p - 2. What is the units digit of q(-3)?
4
Suppose -760 = 7*y - 1047. Suppose 0 = 4*b - 0*b. Suppose b = -4*i + 4*t + y + 75, 3*i + t - 107 = 0. What is the units digit of i?
4
Let k = -25991 - -41322. What is the thousands digit of k?
5
Suppose -2*x - 468 = 3*n, 0 = n - 3*x + 6*x + 156. Let i = n + 161. What is the units digit of i?
5
Suppose 0 = -b - 2*t + 3*t, 5*t = 2*b - 6. Let g(c) = 13*c**2 + c. Let q be g(b). Let y = q - -49. What is the units digit of y?
9
Let s be 120/45 - 1/(-3). Suppose -4*m = -5*g - 278, 2*m + s*g = 6*g + 140. What is the tens digit of m?
6
Let d(w) = w**3 - 25*w**2 - 29*w + 82. Let t be d(26). Suppose -8*s + 6*s - 10 = 0, s = t*f - 2025. What is the tens digit of f?
0
Let v(l) = -l**2 + 11*l - 10. Let n be v(10). Suppose 4*t - 5*o - 249 = 0, -4*t + n*o - o + 219 = 0. Suppose 2*p = t + 10. What is the units digit of p?
3
Suppose 20 = -4*a, -t = -6*t - 4*a - 310. Let w = 14 - t. Suppose 0 = -k + 7 + w. What is the tens digit of k?
7
Let d(n) = 2*n**2 - 32*n + 223. Let k be d(44). Let v = -1140 + k. What is the hundreds digit of v?
5
Suppose 4*n - 59907 = -4*w + 4709, w - 16145 = 2*n. What is the hundreds digit of w?
1
Let o = 137111 + -80213. What is the ten thousands digit of o?
5
Let o(x) = 12*x**2 + 9*x + 2. Let m be o(-6). Let d = 101 + -96. Suppose -2*p = -5*v + 3*p + m, 380 = d*v + 5*p. What is the units digit of v?
6
Suppose 12*b - 19678 - 45170 = 0. What is the tens digit of b?
0
What is the units digit of (((-55088)/(-5))/(-4))/((-22)/5 - -4)?
6
Let k = 74 + -128. Let h(z) = z**3 - 31*z**2 + 50*z - 3910. Let y be h(33). Let o = k - y. What is the tens digit of o?
2
Suppose 3*i + 0 - 6 = 0. Suppose 0 = 4*a - i*r - 2 - 6, 4*r + 16 = 0. Suppose 4*l - 58 - 270 = a. What is the units digit of l?
2
Let o be (-6 - -13)*(-1 - -2300). Suppose -11*w = -22*w + o. What is the tens digit of w?
6
Suppose -19114 = -9*g + 38360. What is the hundreds digit of g?
3
Let b be (-469)/(4/(-5) + 6/10). Let o be (-9)/((-126)/b)*8*-1. What is the tens digit of (-3)/(-24) + o/(-32)?
4
Let z(x) = 10*x**3 - 17*x**2 - 13*x + 14. Let h(w) = -3*w**3 + w**2. Let v(y) = -3*h(y) - z(y). What is the units digit of v(13)?
4
Let b(j) = 293*j**3 + 4*j**2 - 6*j + 5. What is the tens digit of b(4)?
9
What is the thousands digit of (5300092/(-219))/((-2)/6)?
2
Suppose -40*j = -36*j - 68. Suppose 12233 = j*o - 6586. What is the thousands digit of o?
1
Let s(m) be the second derivative of m**5/20 + 7*m**4/12 + 2*m**2 - 2*m. Let q be s(-7). Suppose q*n = -n + 575. What is the units digit of n?
5
Let l be 190/((-4)/(-39 + -1)). Suppose -l = -8*u + 5444. What is the hundreds digit of u?
9
What is the hundreds digit of (40/3)/(526/1413099)?
8
Suppose -w - 26*w + 36504 = 0.